9 and 1749?
33
What is the greatest common factor of 823 and 1?
1
What is the highest common divisor of 3481 and 59?
59
Calculate the highest common divisor of 793 and 61.
61
Calculate the greatest common divisor of 61 and 610.
61
Calculate the greatest common divisor of 4000 and 6250.
250
What is the greatest common factor of 2070 and 105?
15
What is the greatest common factor of 4624 and 17?
17
What is the greatest common factor of 1000 and 375?
125
Calculate the highest common divisor of 6 and 11694.
6
What is the greatest common divisor of 278 and 36418?
278
Calculate the highest common factor of 10 and 810.
10
Calculate the highest common divisor of 714 and 408.
102
Calculate the highest common factor of 187 and 341.
11
Calculate the greatest common divisor of 28 and 161.
7
Calculate the greatest common factor of 696 and 276.
12
What is the highest common divisor of 240 and 3320?
40
Calculate the highest common divisor of 244 and 52.
4
Calculate the highest common factor of 714 and 23086.
238
What is the greatest common divisor of 987 and 3?
3
What is the greatest common divisor of 369 and 41?
41
Calculate the greatest common factor of 3328 and 156.
52
What is the greatest common divisor of 243 and 171?
9
Calculate the greatest common divisor of 44 and 110.
22
What is the highest common divisor of 6 and 2154?
6
What is the greatest common factor of 2960 and 208?
16
What is the highest common factor of 360 and 306?
18
Calculate the greatest common divisor of 21 and 903.
21
Calculate the greatest common divisor of 95 and 703.
19
Calculate the highest common divisor of 105 and 1155.
105
Calculate the highest common divisor of 6272 and 16.
16
What is the highest common divisor of 357 and 11543?
119
Calculate the highest common factor of 440 and 160.
40
What is the highest common divisor of 234 and 7254?
234
What is the highest common divisor of 294 and 3969?
147
What is the greatest common divisor of 387 and 1118?
43
Calculate the highest common factor of 5 and 235.
5
Calculate the highest common divisor of 308 and 8.
4
Calculate the greatest common factor of 48 and 744.
24
What is the highest common divisor of 58 and 7424?
58
What is the highest common divisor of 52 and 234?
26
Calculate the highest common factor of 111 and 37.
37
Calculate the greatest common divisor of 16 and 112.
16
What is the highest common factor of 1845 and 45?
45
Calculate the highest common divisor of 40672 and 16.
16
What is the greatest common divisor of 106 and 265?
53
Calculate the greatest common divisor of 110 and 80.
10
Calculate the highest common factor of 2988 and 108.
36
Calculate the greatest common divisor of 164 and 82.
82
Calculate the greatest common divisor of 774 and 86.
86
What is the highest common divisor of 253 and 132?
11
What is the highest common factor of 440 and 1800?
40
Calculate the highest common factor of 91 and 7.
7
What is the highest common divisor of 132 and 2024?
44
What is the greatest common divisor of 2256 and 12?
12
Calculate the greatest common factor of 15 and 600.
15
Calculate the greatest common divisor of 2988 and 3.
3
Calculate the greatest common factor of 348 and 1524.
12
Calculate the greatest common factor of 83118 and 42.
42
What is the highest common factor of 350 and 1270?
10
Calculate the highest common factor of 390 and 60.
30
Calculate the greatest common factor of 5738 and 19.
19
What is the highest common divisor of 10 and 30?
10
What is the greatest common factor of 12 and 26850?
6
What is the highest common divisor of 6974 and 154?
22
What is the highest common divisor of 620 and 60?
20
Calculate the highest common divisor of 4950 and 77.
11
Calculate the greatest common factor of 3 and 267.
3
Calculate the greatest common factor of 12 and 84.
12
Calculate the greatest common factor of 432 and 672.
48
What is the greatest common factor of 312 and 8?
8
What is the greatest common factor of 168 and 462?
42
What is the greatest common divisor of 224 and 728?
56
Calculate the highest common divisor of 124 and 31.
31
What is the highest common divisor of 60 and 2620?
20
Calculate the highest common factor of 121 and 550.
11
Calculate the highest common divisor of 48 and 400.
16
Calculate the greatest common divisor of 410 and 160.
10
What is the highest common factor of 1 and 43?
1
Calculate the highest common factor of 2106 and 208.
26
Calculate the highest common factor of 230 and 92.
46
What is the highest common divisor of 7581 and 7?
7
What is the greatest common factor of 384 and 36?
12
What is the highest common factor of 29 and 319?
29
What is the highest common divisor of 150 and 720?
30
What is the highest common factor of 107062 and 199?
199
What is the highest common factor of 901 and 85?
17
Calculate the greatest common factor of 550 and 2838.
22
Calculate the highest common factor of 37 and 1.
1
What is the greatest common divisor of 53 and 6625?
53
Calculate the highest common factor of 23711 and 181.
181
Calculate the highest common divisor of 81 and 3.
3
Calculate the greatest common divisor of 78 and 84.
6
What is the greatest common divisor of 442 and 78?
26
Calculate the highest common factor of 114 and 1254.
114
Calculate the highest common divisor of 56 and 7280.
56
Calculate the greatest common factor of 630 and 3906.
126
Calculate the highest common divisor of 9 and 414.
9
What is the greatest common divisor of 54 and 66?
6
What is the greatest common factor of 169 and 1703?
13
What is the greatest common factor of 28 and 1960?
28
What is the greatest common divisor of 16 and 10528?
16
Calculate the highest common factor of 9 and 81.
9
Calculate the highest common factor of 552 and 18.
6
What is the highest common divisor of 296 and 74?
74
What is the greatest common factor of 13 and 299?
13
Calculate the highest common factor of 34950 and 300.
150
Calculate the greatest common divisor of 340 and 153.
17
Calculate the greatest common factor of 2325 and 75.
75
What is the highest common divisor of 81 and 72?
9
What is the highest common factor of 350 and 50?
50
Calculate the greatest common factor of 238 and 34.
34
What is the greatest common divisor of 9 and 217?
1
What is the greatest common divisor of 15 and 240?
15
Calculate the highest common divisor of 112 and 16912.
112
What is the highest common factor of 1273 and 201?
67
What is the greatest common divisor of 160 and 2200?
40
What is the highest common factor of 35 and 10?
5
What is the highest common factor of 165 and 5?
5
What is the greatest common factor of 78 and 138?
6
Calculate the greatest common factor of 21218 and 206.
206
What is the greatest common factor of 1440 and 1120?
160
Calculate the highest common divisor of 506 and 184.
46
What is the greatest common factor of 104 and 351?
13
What is the highest common divisor of 1862 and 5852?
266
What is the highest common divisor of 5 and 9?
1
Calculate the greatest common divisor of 3 and 24.
3
What is the highest common divisor of 5555 and 22?
11
What is the highest common divisor of 3 and 147?
3
Calculate the highest common factor of 50 and 1700.
50
What is the greatest common factor of 1510 and 130?
10
What is the greatest common factor of 9 and 180?
9
Calculate the greatest common divisor of 387 and 396.
9
What is the greatest common factor of 20 and 6516?
4
What is the greatest common factor of 6 and 30246?
6
Calculate the greatest common factor of 6 and 228.
6
What is the highest common factor of 78 and 1014?
78
What is the greatest common divisor of 972 and 4?
4
Calculate the greatest common divisor of 1001 and 273.
91
Calculate the greatest common factor of 177 and 57.
3
What is the greatest common factor of 388 and 116?
4
Calculate the highest common divisor of 1734 and 6.
6
Calculate the highest common divisor of 52 and 559.
13
Calculate the greatest common factor of 57 and 361.
19
What is the greatest common divisor of 152 and 95?
19
What is the greatest common factor of 1040 and 3224?
104
What is the greatest common factor of 126 and 3759?
21
What is the greatest common divisor of 51 and 1377?
51
What is the greatest common factor of 6 and 75?
3
Calculate the highest common factor of 18 and 422.
2
Calculate the greatest common divisor of 175 and 329.
7
Cal